499
What are the prime factors of 18272?
2, 571
What are the prime factors of 230?
2, 5, 23
What are the prime factors of 709?
709
List the prime factors of 15538.
2, 17, 457
What are the prime factors of 108?
2, 3
List the prime factors of 56719.
13, 4363
List the prime factors of 777.
3, 7, 37
List the prime factors of 4232.
2, 23
List the prime factors of 86112.
2, 3, 13, 23
What are the prime factors of 13298?
2, 61, 109
List the prime factors of 14559.
3, 23, 211
What are the prime factors of 1746?
2, 3, 97
List the prime factors of 47655.
3, 5, 353
List the prime factors of 4445.
5, 7, 127
What are the prime factors of 365?
5, 73
List the prime factors of 19881.
3, 47
List the prime factors of 3354.
2, 3, 13, 43
List the prime factors of 1012.
2, 11, 23
List the prime factors of 1502.
2, 751
What are the prime factors of 140722?
2, 71, 991
List the prime factors of 90880.
2, 5, 71
What are the prime factors of 45978?
2, 3, 79, 97
What are the prime factors of 271?
271
What are the prime factors of 28925?
5, 13, 89
What are the prime factors of 2228?
2, 557
List the prime factors of 39573.
3, 4397
What are the prime factors of 6106?
2, 43, 71
What are the prime factors of 13091?
13, 19, 53
List the prime factors of 581.
7, 83
What are the prime factors of 1515?
3, 5, 101
What are the prime factors of 78063?
3, 26021
What are the prime factors of 16468?
2, 23, 179
What are the prime factors of 982?
2, 491
List the prime factors of 95805.
3, 5, 2129
List the prime factors of 7810.
2, 5, 11, 71
What are the prime factors of 33902?
2, 11, 23, 67
What are the prime factors of 1472?
2, 23
List the prime factors of 46661.
29, 1609
What are the prime factors of 16955?
5, 3391
What are the prime factors of 66230?
2, 5, 37, 179
What are the prime factors of 16940?
2, 5, 7, 11
What are the prime factors of 344?
2, 43
List the prime factors of 14110.
2, 5, 17, 83
List the prime factors of 979.
11, 89
What are the prime factors of 14208?
2, 3, 37
What are the prime factors of 15839?
47, 337
List the prime factors of 112824.
2, 3, 1567
What are the prime factors of 1153?
1153
What are the prime factors of 4754?
2, 2377
List the prime factors of 33124.
2, 7, 13
List the prime factors of 915.
3, 5, 61
What are the prime factors of 1030?
2, 5, 103
List the prime factors of 2213.
2213
List the prime factors of 11348.
2, 2837
List the prime factors of 11620.
2, 5, 7, 83
What are the prime factors of 93?
3, 31
List the prime factors of 314.
2, 157
List the prime factors of 280.
2, 5, 7
List the prime factors of 8963.
8963
List the prime factors of 1090.
2, 5, 109
What are the prime factors of 21808?
2, 29, 47
What are the prime factors of 32273?
59, 547
What are the prime factors of 945?
3, 5, 7
List the prime factors of 7934.
2, 3967
List the prime factors of 122524.
2, 30631
List the prime factors of 117170.
2, 5, 11717
What are the prime factors of 20948?
2, 5237
What are the prime factors of 13145?
5, 11, 239
List the prime factors of 1897.
7, 271
What are the prime factors of 1777?
1777
What are the prime factors of 6868?
2, 17, 101
What are the prime factors of 1494?
2, 3, 83
What are the prime factors of 521?
521
What are the prime factors of 1408?
2, 11
What are the prime factors of 930?
2, 3, 5, 31
List the prime factors of 27836.
2, 6959
What are the prime factors of 12872?
2, 1609
List the prime factors of 36.
2, 3
List the prime factors of 674.
2, 337
List the prime factors of 52896.
2, 3, 19, 29
What are the prime factors of 21004?
2, 59, 89
List the prime factors of 10894.
2, 13, 419
List the prime factors of 42593.
191, 223
List the prime factors of 4647.
3, 1549
What are the prime factors of 3705?
3, 5, 13, 19
List the prime factors of 955.
5, 191
What are the prime factors of 9860?
2, 5, 17, 29
List the prime factors of 5180.
2, 5, 7, 37
What are the prime factors of 57341?
17, 3373
List the prime factors of 5115.
3, 5, 11, 31
List the prime factors of 3275.
5, 131
List the prime factors of 28787.
11, 2617
What are the prime factors of 4585?
5, 7, 131
What are the prime factors of 2104?
2, 263
List the prime factors of 19034.
2, 31, 307
What are the prime factors of 13579?
37, 367
List the prime factors of 89645.
5, 17929
List the prime factors of 9845.
5, 11, 179
List the prime factors of 18030.
2, 3, 5, 601
What are the prime factors of 10699?
13, 823
What are the prime factors of 25633?
25633
What are the prime factors of 6757?
29, 233
List the prime factors of 9788.
2, 2447
List the prime factors of 9080.
2, 5, 227
List the prime factors of 4100.
2, 5, 41
List the prime factors of 1369.
37
What are the prime factors of 3187?
3187
What are the prime factors of 998?
2, 499
List the prime factors of 5146.
2, 31, 83
List the prime factors of 35352.
2, 3, 491
What are the prime factors of 1285?
5, 257
What are the prime factors of 1648?
2, 103
List the prime factors of 77438.
2, 31, 1249
List the prime factors of 20141.
11, 1831
List the prime factors of 57023.
127, 449
What are the prime factors of 29349?
3, 1087
List the prime factors of 8226.
2, 3, 457
List the prime factors of 2211.
3, 11, 67
What are the prime factors of 1348?
2, 337
List the prime factors of 1136.
2, 71
What are the prime factors of 1345?
5, 269
List the prime factors of 10286.
2, 37, 139
List the prime factors of 4395.
3, 5, 293
List the prime factors of 65240.
2, 5, 7, 233
What are the prime factors of 147?
3, 7
List the prime factors of 1535.
5, 307
What are the prime factors of 4247?
31, 137
What are the prime factors of 16213?
31, 523
List the prime factors of 6369.
3, 11, 193
List the prime factors of 1842.
2, 3, 307
List the prime factors of 25081.
7, 3583
List the prime factors of 29056.
2, 227
List the prime factors of 2303.
7, 47
What are the prime factors of 307?
307
List the prime factors of 3297.
3, 7, 157
What are the prime factors of 129808?
2, 7, 19, 61
What are the prime factors of 620?
2, 5, 31
What are the prime factors of 124?
2, 31
What are the prime factors of 42779?
11, 3889
List the prime factors of 832.
2, 13
List the prime factors of 9434.
2, 53, 89
What are the prime factors of 642?
2, 3, 107
What are the prime factors of 30955?
5, 41, 151
List the prime factors of 487.
487
List the prime factors of 432.
2, 3
What are the prime factors of 1095?
3, 5, 73
What are the prime factors of 5721?
3, 1907
What are the prime factors of 956?
2, 239
List the prime factors of 882.
2, 3, 7
What are the prime factors of 110783?
139, 797
What are the prime factors of 12964?
2, 7, 463
List the prime factors of 125518.
2, 97, 647
List the prime factors of 2850.
2, 3, 5, 19
What are the prime factors of 1743?
3, 7, 83
What are the prime factors of 480?
2, 3, 5
What are the prime factors of 59870?
2, 5, 5987
What are the prime factors of 17171?
7, 11, 223
List the prime factors of 85.
5, 17
What are the prime factors of 84376?
2, 53, 199
What are the prime factors of 955?
5, 191
List the prime factors of 1943.
29, 67
What are the prime factors of 13091?
13, 19, 53
What are the prime factors of 298?
2, 149
List the prime factors of 4792.
2, 599
What are the prime factors of 91983?
3, 30661
List the prime factors of 31316.
2, 7829
What are the prime factors of 149128?
2, 7, 2663
What are the prime factors of 928?
2, 29
What are the prime factors of 325?
5, 13
What are the prime factors of 60489?
3, 11, 13, 47
List the prime factors of 4144.
2, 7, 37
List the prime factors of 5702.
2, 2851
List the prime factors of 10017.
3, 7, 53
What are the prime factors of 65?
5, 13
List the prime factors of 13438.
2, 6719
List the prime factors of 1023.
3, 11, 31
List the prime factors of 18294.
2, 3, 3049
List the prime factors of 1422.
2, 3, 79
What are the prime factors of 8266?
2, 4133
List the prime factors of 2768.
2, 173
What are the prime factors of 9105?
3, 5, 607
What are the prime factors of 9233?
7, 1319
List the prime factors of 58055.
5, 17, 683
What are the prime factors of 831?
3, 277
What are the prime factors of 80762?
2, 11, 3671
What are the prime factors of 45066?
2, 3, 7, 29, 37
What are the prime factors of 12298?
2, 11, 13, 43
What are the prime factors of 853?
853
What are the prime factors of 13178?
2, 11, 599
What are the prime factors of 10243?
